**2 + 47*i + 1139. Give p(65).
-31
Let s(f) = -3*f**2 - 6*f + 38. What is s(6)?
-106
Let g(n) = -4*n**3 + n**2 + 41*n - 75. What is g(2)?
-21
Let z(f) = f**2 - 14*f - 571. Give z(-19).
56
Let u(m) = m**3 + 12*m**2 - 2*m + 74. Give u(-12).
98
Let a(z) = z**3 + 20*z**2 - 9*z + 109. Give a(-21).
-143
Let m(s) = -222*s - 2859. Give m(-13).
27
Let p(k) = -k**2 - 19*k - 27. Calculate p(-11).
61
Let i(l) = 4*l**3 - 22*l**2 + 7*l + 18. Determine i(5).
3
Let r(t) = 10*t**2 - 16*t - 30. Give r(7).
348
Let k(f) = -23*f - 316. Determine k(-15).
29
Let p(d) = -37*d - 500. Give p(-14).
18
Let c(p) = -2*p**3 + 70*p**2 + 71*p + 79. Calculate c(36).
43
Let g(x) = x**3 + 26*x**2 - 403*x - 52. Give g(11).
-8
Let g(k) = 3*k - 10. Determine g(12).
26
Let c(v) = v**2 - 15*v - 2708. Calculate c(-45).
-8
Let p(q) = 33*q - 402. Calculate p(12).
-6
Let v(b) = -118*b - 2869. Determine v(-24).
-37
Let d(r) = 92*r**2 - 730*r - 11. Give d(8).
37
Let j(m) = 36*m**2 + 58*m + 414. Give j(-6).
1362
Let d(z) = 45*z**2 + 185*z - 1. Determine d(-4).
-21
Let d(u) = 3*u**3 + 106*u**2 + 139*u - 59. Determine d(-34).
-161
Let n(c) = -29*c**2 + 83*c - 464. Give n(5).
-774
Let d(j) = -2*j**3 + 31*j**2 + 241*j - 3. Calculate d(21).
207
Let g(p) = 2*p**3 + 465*p - 465. Determine g(1).
2
Let x(y) = y**3 - 10*y**2 + 11*y - 24. What is x(9)?
-6
Let j(c) = -11*c**3 + 2*c**2 - 23*c - 94. What is j(-3)?
290
Let f(b) = 5*b**3 - 31*b**2 + 140*b - 810. Calculate f(6).
-6
Let t(d) = d**3 - d**2 - 3*d - 66. What is t(4)?
-30
Let n(d) = d**2 + 20*d + 47. What is n(-23)?
116
Let x(b) = -2*b**3 - 16*b**2 - 60*b - 75. Calculate x(-2).
-3
Let p(n) = -37*n**3 + 2*n**2 - 10*n - 19. Give p(-2).
305
Let p(i) = -i**2 - 11*i + 1092. Determine p(28).
0
Let w(p) = -2146*p + 118036. What is w(55)?
6
Let n(z) = -5*z**2 - 12*z - 136. What is n(-7)?
-297
Let s(t) = -9*t**2 - 17*t + 93. Calculate s(5).
-217
Let p(l) = 27*l + 232. Give p(-7).
43
Let l(q) = 23*q**2 + 35*q - 35. Give l(1).
23
Let m(v) = v**3 - 45*v**2 - 200*v + 199. What is m(49)?
3
Let q(u) = -u**2 + 28*u - 28. Calculate q(22).
104
Let j(y) = 83*y**2 - 7552*y - 86. Calculate j(91).
5
Let c(a) = 372*a - 753. What is c(2)?
-9
Let d(p) = -2*p + 65. Calculate d(23).
19
Let v(h) = 59*h**2 - 86*h + 87. Calculate v(1).
60
Let z(r) = r**2 - 53*r + 722. Determine z(39).
176
Let u(r) = -132*r**3 + r**2 + 4*r + 2. Determine u(-1).
131
Let q(a) = -80*a - 2568. What is q(-32)?
-8
Let l(h) = 16*h**2 + 5*h - 9. Determine l(-3).
120
Let v(o) = o**2 + 3*o - 77. Calculate v(-10).
-7
Let q(l) = 24*l + 545. Give q(-24).
-31
Let h(u) = -u**3 - 32*u**2 + 141*u - 88. Give h(-36).
20
Let c(j) = -5*j**2 + 93*j + 26. Give c(13).
390
Let h(j) = -849*j - 17780. Determine h(-21).
49
Let u(l) = -9*l**2 + 5*l + 46. Calculate u(-4).
-118
Let d(g) = g**2 - 33*g + 87. Calculate d(28).
-53
Let l(f) = -f**2 + 58. Determine l(0).
58
Let p(q) = 32*q**2 - 471*q - 137. Determine p(15).
-2
Let p(u) = -2*u**2 + 14*u + 51. Give p(13).
-105
Let i(r) = 7*r**2 - 105*r + 400. What is i(8)?
8
Let i(x) = x**3 - 26*x**2 - 36*x + 22. Calculate i(27).
-221
Let l(o) = -o**2 - 235*o - 2254. What is l(-10)?
-4
Let d(b) = b**3 + 2*b**2 + 2*b - 124. Determine d(0).
-124
Let w(f) = 4*f - 81. Determine w(-8).
-113
Let d(n) = -2*n**2 - 245*n + 2786. Calculate d(-133).
-7
Let d(z) = -103*z - 2980. Calculate d(-29).
7
Let l(w) = 2*w - 94. Calculate l(19).
-56
Let o(q) = 8*q - 30. Calculate o(3).
-6
Let j(q) = -q**3 - 65*q**2 - 2*q - 151. Calculate j(-65).
-21
Let o(t) = -3*t**3 - 108*t**2 - 105*t - 128. Calculate o(-35).
-128
Let q(c) = 2*c**3 - 3*c**2 + 21*c - 56. What is q(3)?
34
Let h(k) = k**2 - 24*k + 98. Give h(6).
-10
Let k(t) = -5*t**2 - 31*t - 24. What is k(-6)?
-18
Let z(v) = -v**2 + 32*v + 504. Determine z(45).
-81
Let o(m) = -m**3 + 56*m**2 + 533*m - 9971. What is o(62)?
11
Let r(i) = i**2 + 12*i + 21. What is r(-3)?
-6
Let k(z) = -101*z - 901. What is k(-6)?
-295
Let s(i) = 7*i**2 - 150*i + 196. Give s(20).
-4
Let h(d) = -3*d**2 + 173*d + 228. Give h(59).
-8
Let n(y) = 2*y**3 - 81*y**2 - 32*y - 368. Give n(41).
1
Let x(a) = 3*a**3 - 45*a**2 + 92*a + 40. Determine x(3).
-8
Let x(q) = -q**3 + 6*q**2 - 11*q + 107. What is x(7)?
-19
Let y(q) = 4*q**3 - 5*q**2 + 17*q - 138. What is y(6)?
648
Let f(s) = -s**3 + 30*s**2 + 22*s - 548. Give f(29).
931
Let o(w) = -328*w - 1341. Determine o(-4).
-29
Let p(a) = -a + 859. What is p(37)?
822
Let n(h) = 29*h + 1107. Calculate n(-38).
5
Let t(x) = -x**3 - 19*x**2 - 18*x + 9. Give t(-18).
9
Let j(i) = 2*i**2 + 675*i - 5520. Give j(8).
8
Let j(o) = -o**3 + 20*o**2 - 12*o - 38. Give j(19).
95
Let f(l) = 5*l**2 + 18*l - 116. Calculate f(-7).
3
Let x(t) = t**3 - 42*t**2 + 214*t + 73. Give x(36).
1
Let x(w) = 141*w + 188. What is x(-4)?
-376
Let u(r) = -r**3 - 23*r**2 + 78*r + 31. Give u(-26).
31
Let g(k) = -3*k**2 - 50*k - 145. Calculate g(-4).
7
Let v(n) = -n**3 + 20*n**2 - 25*n + 220. Determine v(19).
106
Let x(f) = f - 43. What is x(32)?
-11
Let m(w) = -3*w**2 + 27*w + 245. What is m(-7)?
-91
Let u(t) = -t**3 + 63*t**2 + 62*t + 138. Determine u(64).
10
Let w(z) = 10*z**2 - 149*z - 11. Calculate w(15).
4
Let p(k) = 2514*k - 7530. Give p(3).
12
Let k(s) = 2*s + 57. What is k(-9)?
39
Let l(q) = -147*q - 4861. Determine l(-33).
-10
Let j(u) = -u**3 - 10*u**2 + 44*u + 354. Give j(-11).
-9
Let b(y) = -7*y**2 + 125*y - 554. Determine b(11).
-26
Let h(o) = -o**3 - 127*o**2 + 261*o + 362. Give h(-129).
-25
Let b(a) = -5*a**3 + 3*a**2 + 9*a - 152. Calculate b(0).
-152
Let p(r) = 9*r**3 - r**2 + 6*r - 12. What is p(2)?
68
Let a(u) = u**2 - 193*u - 1191. Give a(-6).
3
Let k(c) = 256*c + 6322. Give k(-25).
-78
Let q(l) = -2*l**2 - 155*l + 5098. What is q(25)?
-27
Let k(c) = 20*c**2 - 55*c - 1. Calculate k(3).
14
Let t(v) = 96*v - 23903. Determine t(250).
97
Let k(q) = -q**3 + 29*q**2 + 65*q - 47. Calculate k(31).
46
Let v(f) = -64*f - 2299. Give v(-36).
5
Let t(k) = -2*k**2 - 177*k + 1064. Determine t(6).
-70
Let g(i) = i**3 - 17*i**2 + 68*i - 32. What is g(5)?
8
Let m(g) = -41*g + 1134. Determine m(28).
-14
Let i(v) = 10*v**2 + 136*v - 553. Determine i(4).
151
Let a(r) = 20*r**2 - 635*r + 456. Calculate a(31).
-9
Let a(q) = -424*q + 83. Calculate a(-2).
931
Let y(x) = -92*x + 310. Determine y(4).
-58
Let n(o) = -226*o + 12223. Calculate n(54).
19
Let o(p) = -806*p - 496. What is o(-1)?
310
Let j(s) = s**3 - 56*s**2 - 307*s - 42. Calculate j(61).
-164
Let i(d) = -3*d**2 - 72*d + 445. Determine i(-29).
10
Let i(s) = 39*s - 554. What is i(12)?
-86
Let j(u) = 10*u**2 + 114*u + 277. Give j(-8).
5
Let t(g) = g**3 - 27*g**2 - 48*g - 271. What is t(29)?
19
Let l(n) = n**2 + 28*n - 39. What is l(-29)?
-10
Let c(n) = -33*n - 525. Give c(-12).
-129
Let r(j) = -j + 20. Give r(15).
5
Let v(g) = 251*g + 1252. Determine v(-5).
-3
Let j(t) = 309*t**3 + t. Determine j(1).
310
Let b(c) = 2*c**3 - 75*c**2 - 51*c + 496. Give b(38).
2
Let y(u) = -u**3 - u**2 + 191*u + 5. Calculate y(0).
5
Let c(s) = 14*s + 94. What is c(-2)?
66
Let z(m) = 152*m**2 - 12*m + 2. Give z(1).
142
Let l(x) = x**3 + 3*x**2 + 29*x + 48. What is l(-2)?
-6
Let z(j) = 37*j - 783. Calculate z(25).
142
Let w(p) = p**3 - p**2 - 49*p + 2. What is w(7)?
-47
Let u(l) = l**2 + 10*l - 4286. Give u(-71).
45
Let x(j) = -146*j - 894. What is x(-8)?
274
Let f(b) = -b**3 + 2*b**2 - 2*b - 11. What is f(0)?
-11
Let w(g) = -7359*g - 103013. What is w(-14)?
13
Let h(j) = 2*j**3 - 5*j**2 - 9*j + 4. Give h(6).
202
Let a(b) = b**3 + 19*b**2 + 19*b + 49. What is a(-18)?
31
Let r(w) = 2*w**3 - 34*w**2 + 141*w - 11. Give r(7).
-4
Let w(d) = d**2 - 56*d + 189. Determine w(48).
-195
Let g(y) = -y**2 - 147*y - 4669. Calculate g(-46).
-23
Let k(d) = 2*d**3 + 15*d**2 + 18*d + 41. What is k(-5)?
76
Let x(b) = -143*b**2 - 458*b - 14. Calculate x(-3).
73
Let d(u) = u**3 - 13*u**2 - 42*u + 533. Determine d(13).
-13
Let d(q) = 12*q**2 - 625*q + 2518. Determine d(4).
210
Let n(s) = 4*s**3 - s**2 + 2*s + 22. Determine n(0).
22
Let f(l) = l**2 - 6*l - 224. What is f(10)?
-184
Let l(t) = 423*t + 5080. Give l(-12).
4
Let g(h) = -59*h + 406. Calculate g(10).
-184
Let s(u) = 20*u**3 + 242*u**2 + 10*u - 167. Calculate s(-12).
1
Let u(x) = -3*x**3 + 7*x**2 - 53*x + 275. Give u(5).
-190
Let m(c) = c**2 - 3946*c - 23704. Calculate m(-6).
8
Let c(o) = -5*o**2 - 15*o 